{"id":166,"date":"2024-09-28T17:43:01","date_gmt":"2024-09-28T17:43:01","guid":{"rendered":"https:\/\/purkamattaparas.fi\/?page_id=166"},"modified":"2026-02-03T10:49:50","modified_gmt":"2026-02-03T10:49:50","slug":"ilmiannot","status":"publish","type":"page","link":"https:\/\/purkamattaparas.fi\/index.php\/ilmiannot\/","title":{"rendered":"Ilmiannot"},"content":{"rendered":"\n<h1 class=\"wp-block-heading\">Puretut, uhatut, pelastetut<\/h1>\n\n\n\n<p class=\"has-medium-font-size\" id=\"block-da01ea30-e88c-4a6a-9607-778275336f8f\">Ilmianna meille turhia purkuja, tiet\u00e4mi\u00e4si rakennuksia, joita uhkaa purkaminen ja kerro my\u00f6s hankkeista, joissa uuden k\u00e4ytt\u00f6tarkoituksen l\u00f6yt\u00e4minen on pelastanut rakennuksen. Voit l\u00e4hett\u00e4\u00e4 ilmiannon ja mahdollisia kuvia osoitteeseen <a href=\"mailto:purkamattaparas@gmail.com\">purkamattaparas@gmail.com<\/a>. <br><br>T\u00e4ydenn\u00e4mme listoja ilmiantojen mukaan. Kerro my\u00f6s kampanjatoimista, johon paikkakunnallanne \/ yhteis\u00f6ss\u00e4nne on tehty purkamisten lopettamiseksi.<\/p>\n\n\n\n<hr class=\"wp-block-separator has-alpha-channel-opacity\"\/>\n\n\n\n<p>ACAN-j\u00e4rjest\u00f6n Suomen osaston julkaisema <a href=\"https:\/\/www.purkukartta.fi\/\" data-type=\"link\" data-id=\"https:\/\/www.purkukartta.fi\/\">Purkukartta<\/a>, johon voi l\u00e4hett\u00e4\u00e4 kohde-ehdotuksia.<\/p>\n\n\n\n<p>Vilho Syv\u00e4huokon kokoama <a href=\"https:\/\/syvis.net\/purkukartta\">Purkukartta<\/a>, joka painottuu toistaiseksi it\u00e4iseen Espooseen.<\/p>\n\n\n\n<!--more-->\n\n\n\n<hr class=\"wp-block-separator has-alpha-channel-opacity is-style-wide\"\/>\n\n\n\n<p id=\"block-4e3d9d30-efef-4608-b2d2-562e83527b65\"><strong>PURKU-UHAN ALLA<\/strong><\/p>\n\n\n\n<p id=\"block-0c39fa4e-31e1-4573-b9c6-a6e49c1dfd3f\">Munkkivuoren kirkko (Olavi Kantele)<\/p>\n\n\n\n<p id=\"block-374d8e09-811c-4cb9-a2f5-1384fc3369a6\">Kirkkonummen seurakuntakeskus (Leivisk\u00e4)<\/p>\n\n\n\n<p id=\"block-1bad0f15-0094-469f-b307-67f9fd8e538e\">Kotkan s\u00e4\u00e4st\u00f6pankki (Sirenit), suojeltu<\/p>\n\n\n\n<p id=\"block-9c524ab1-78aa-41c1-a803-2ab9ba793817\">Hakavuoren kirkko, Pohjois-Haagan monitoimikirkko (Eevi Aho)<\/p>\n\n\n\n<p id=\"block-76032474-0794-4a96-bcdb-18cef0b6d16b\">Kulosaaren ostoskeskus<\/p>\n\n\n\n<p id=\"block-22a5761e-fcf2-410e-8e31-2e38e1b9ed06\">Marian sairaalan osat<\/p>\n\n\n\n<p id=\"block-f9b9fa0b-246c-4b27-a7ea-173979bf3aea\">N\u00e4lk\u00e4linnanm\u00e4en kirjasto, SVL<\/p>\n\n\n\n<p id=\"block-5feac5ef-24f2-468a-8bfa-38c73a7b4640\">Kallvikinniemen ja Ransinniemen puutalot Vuosaaressa<\/p>\n\n\n\n<p id=\"block-eb75338b-9db5-4476-9313-88ab812202a8\">Englantilainen koulu Meilahdessa<\/p>\n\n\n\n<p id=\"block-330100e9-e220-4c93-9c64-1a6de69e2a2d\">Sveitsinrinteen koulu Hyvink\u00e4\u00e4ll\u00e4 (J\u00e4rven)<\/p>\n\n\n\n<p id=\"block-a96dcf44-cd1a-411e-aecc-0643cde66d66\">Hanasaaren voimala (Penttil\u00e4)<\/p>\n\n\n\n<p id=\"block-a5cd7c60-d8c2-4250-bf42-2e2a77985b81\">S\u00e4kyl\u00e4n p\u00e4iv\u00e4koti, suojeltu (J\u00e4rvinen-Airas)<\/p>\n\n\n\n<p id=\"block-efc85461-42d2-4eae-854b-f73b11580788\">Pohjantorin ostoskeskus (Sirenit)<\/p>\n\n\n\n<p id=\"block-40a70caf-7f46-4911-b7c5-a0be294c4ccb\">Heikintori?<\/p>\n\n\n\n<p id=\"block-6d9cc122-9131-407a-b906-7dfd091eb201\">Marimekkotalo Tapiolassa<\/p>\n\n\n\n<p id=\"block-dae8262c-8d2e-4c64-95cb-fbf25cac8c98\">Himmeli -vanhustalo Porissa, Pietil\u00f6itten (80-luvulta)<\/p>\n\n\n\n<p id=\"block-df51f978-b1fc-4b61-8c8b-84896f9a6919\">Tapiolan uimahalli, suojeltu, seisoo tyhjil\u00e4\u00e4n edelleen<\/p>\n\n\n\n<p id=\"block-55a4ffea-3b42-4246-ada5-1d10867b7d49\">Merirastikappeli, Vuosaari<\/p>\n\n\n\n<p id=\"block-f86c0079-f7cf-4527-bc85-c4ef11710b9e\">Meri-Rastilan vuokratalot<\/p>\n\n\n\n<p id=\"block-028bb72d-39df-4941-81bc-59e99ec3e48b\">Oulunkyl\u00e4n kirkko<\/p>\n\n\n\n<p id=\"block-f7420e77-3873-471b-ba8b-748942777798\">Meri-Rastilan ostoskeskus<\/p>\n\n\n\n<p id=\"block-51728d5b-8c1c-4526-8de4-da1bea89e664\">Merirastin kulttuurikeskus<\/p>\n\n\n\n<p id=\"block-a9fc0019-7452-4135-9423-ead878737425\">Roihuvuoren kirkon sivurakennus?<\/p>\n\n\n\n<p id=\"block-4b11ad4a-067a-407e-ab0f-61e7c33795e9\">Herttoniemen kirkko (Osmo Lappo)<\/p>\n\n\n\n<p id=\"block-ea5b447b-a022-4e2f-afb0-0cae680430f6\">Stadin AO, Savonk. HKI<\/p>\n\n\n\n<p id=\"block-bb7b3c75-e7db-46a6-a6a9-a3106a8c50e4\">Alppitalo HKI (Sirenit)<\/p>\n\n\n\n<p id=\"block-5d59c6fe-df18-45be-b872-446710e65b40\">Lauttasaaressa asuintaloja<\/p>\n\n\n\n<p id=\"block-1be29bf1-6154-4d69-97fc-b43c32b11607\">Jyv\u00e4skyl\u00e4n kampuksella uhataan muutoksilla<\/p>\n\n\n\n<p id=\"block-7d5e73a4-707d-4a40-bb91-297f67c91b25\">Kellokosken sairaala-alue<\/p>\n\n\n\n<p>M\u00e4ntyharjun kunnantalo<\/p>\n\n\n\n<p>Tampereen opiskelija-asuntos\u00e4\u00e4ti\u00f6n (Toas) opiskelijatalot Tampereen Lukonm\u00e4ess\u00e4<\/p>\n\n\n\n<p>Karikon huvila, Turku&nbsp;<\/p>\n\n\n\n<p>Valtioneuvoston painotalo, Helsinki<\/p>\n\n\n\n<p>Kaivokselan vesitorni<\/p>\n\n\n\n<p id=\"block-12901638-2cf8-42ff-858c-fb06a9746a15\">Toimistotalo Kotka (Sir\u00e9nien)<\/p>\n\n\n\n<p>Paattisten partiomaja, Turku<\/p>\n\n\n\n<p>Alppilan kirkko, Helsinki<\/p>\n\n\n\n<p>Hipposkyl\u00e4n suojellut puutalot, Tampere \u2013 lue lis\u00e4\u00e4 <a href=\"https:\/\/www.aamulehti.fi\/moro\/art-2000011443502.html\">Aamulehti<\/a><\/p>\n\n\n\n<p>Harkko-talo, Raisio  \u2013 lue lis\u00e4\u00e4 <a href=\"https:\/\/www.ts.fi\/uutiset\/6716612\">TS<\/a> ja <a href=\"https:\/\/yle.fi\/a\/74-20007948\">Yle<\/a><\/p>\n\n\n\n<figure class=\"wp-block-image\" id=\"block-6b6bb145-5dee-44c3-a8c7-ada22ad2893b\"><img loading=\"lazy\" decoding=\"async\" width=\"1024\" height=\"745\" src=\"https:\/\/purkamattaparas.fi\/wp-content\/uploads\/2024\/09\/image.jpeg\" alt=\"T\u00e4m\u00e4n kuvan alt-attribuutti on tyhj\u00e4; Tiedoston nimi on Kotkankatu-10-kymen-sanomat-31012024-1024x745.jpg\" class=\"wp-image-168\" srcset=\"https:\/\/purkamattaparas.fi\/wp-content\/uploads\/2024\/09\/image.jpeg 1024w, https:\/\/purkamattaparas.fi\/wp-content\/uploads\/2024\/09\/image-300x218.jpeg 300w, https:\/\/purkamattaparas.fi\/wp-content\/uploads\/2024\/09\/image-768x559.jpeg 768w\" sizes=\"auto, (max-width: 767px) 89vw, (max-width: 1000px) 54vw, (max-width: 1071px) 543px, 580px\" \/><\/figure>\n\n\n\n<hr class=\"wp-block-separator has-alpha-channel-opacity\"\/>\n\n\n\n<p id=\"block-30ebab99-5d21-4c75-857c-10c07c304cc2\"><strong>2000-LUVULLA PURETUT<\/strong><\/p>\n\n\n\n<p id=\"block-54aaaea1-d0ab-4ed2-b983-3ea695816802\">J\u00e4rvenp\u00e4\u00e4n kaupungintalo<\/p>\n\n\n\n<p id=\"block-114095d5-15ca-4c8d-8bd0-8da1ca896f8c\">Ven\u00e4l\u00e4inen koulu (Sipari)<\/p>\n\n\n\n<p id=\"block-e6813a8c-8e69-470c-a1ff-a3b9f00b7627\">Tuusulan kunnantalo<\/p>\n\n\n\n<p id=\"block-15e3ab90-93af-476f-925c-f038fe1e31c0\">Hyryl\u00e4n ostoskeskus<\/p>\n\n\n\n<p id=\"block-d33843aa-6ba4-48ce-b71f-fd24f744c376\">Kirkonkyl\u00e4n koulu<\/p>\n\n\n\n<p id=\"block-b4b76cd7-8909-4b6b-ab4f-5cd6c75063a5\">Hietalahden puutalot<\/p>\n\n\n\n<p id=\"block-b845ab18-00c5-47b9-b435-aaba4c12892f\">H\u00e4rk\u00e4vehmaan koulu, Hyvink\u00e4\u00e4 (J\u00e4rvi)<\/p>\n\n\n\n<p id=\"block-d1055b77-288f-4be5-82c2-b423863835f9\">Kuopion teknillinen opisto<\/p>\n\n\n\n<p id=\"block-955c19a1-92eb-480b-bf7b-5e57b99289fc\">Maaseurakunnan talo, Kuopio<\/p>\n\n\n\n<p id=\"block-165d6ed7-43c8-4383-b386-73a2bf82b6ca\">Terveystalo Sunne, Kuopio<\/p>\n\n\n\n<p id=\"block-263e4a5f-8c1c-4c43-94fa-6182fbbf76ec\">P\u00e4\u00e4esikunta Fabianinkadulla<\/p>\n\n\n\n<p id=\"block-05c4d215-8022-41f3-a80e-ff713dd8a7ad\">Aktian toimistotalo Mannerheimintie 14<\/p>\n\n\n\n<p id=\"block-69ab792f-820e-4818-b7e4-0d501ff58ee3\">T\u00f6\u00f6l\u00f6n sairaalan tapaturma-asema<\/p>\n\n\n\n<p id=\"block-6835900c-6c62-4edd-b148-81033d4d68ce\">Ravintola Jokela, Joensuu<\/p>\n\n\n\n<p id=\"block-14cd9722-66f6-41b1-9c57-f4ba81e62131\">Savonlinnan Postitalo<\/p>\n\n\n\n<p id=\"block-726db68a-59c4-4978-87ef-7b45aa81713c\">Puotilan, Pakilan, K\u00e4pyl\u00e4n ja Metsolan koulut<\/p>\n\n\n\n<p id=\"block-f829f4f0-49bb-4f22-892d-1df3a5c552fc\">Satakielitalo, Tapiola<\/p>\n\n\n\n<p id=\"block-846eb00f-e753-48a8-a2ce-50b41574fea8\">Toimistotalo, Kasarminkatu 21<\/p>\n\n\n\n<p id=\"block-e359b48e-1ebf-4249-90b8-4f55e6012eb8\">Karakallion ostoskeskus (60-luvulta)<\/p>\n\n\n\n<p id=\"block-6f1185bb-f85b-4e87-89ab-cbe81aac9ef3\">Puotilan ostoskeskus<\/p>\n\n\n\n<p id=\"block-d34c6b20-a528-426b-83ad-8b9ed9556ed0\">Pelimannin koulu Kannelm\u00e4ess\u00e4 (J\u00e4rvinen-Airas), 80-luvulta<\/p>\n\n\n\n<p id=\"block-4c132f0c-5493-4442-9b32-ab045df87b17\">Hiiht\u00e4j\u00e4ntien (Herttoniemen) ostari<\/p>\n\n\n\n<p id=\"block-e14895c2-b47b-4565-9e0a-783d14b0b593\">Laakson terveysasema<\/p>\n\n\n\n<p id=\"block-3a6f6ad8-0161-4143-8c9a-833346beb154\">Martinllaakson ostoskeskukset<\/p>\n\n\n\n<p id=\"block-e9fc844b-c196-4764-9bef-04be7fdc1ce8\">Laajavuoren koulu<\/p>\n\n\n\n<p id=\"block-b4b5a300-157f-4b46-8def-83f951050431\">Lauttasaaren vesitorni<\/p>\n\n\n\n<p id=\"block-9409529e-4602-48ff-917f-e5e898833a1a\">Hyvink\u00e4\u00e4n virastotalo<\/p>\n\n\n\n<p id=\"block-ff8908de-5cfa-4f9f-9605-356ad8b476ad\">Hyvink\u00e4\u00e4n kaupungintalo<\/p>\n\n\n\n<p id=\"block-63b76ee2-6f05-4364-91a0-7aa118d457ce\">H\u00e4rk\u00e4vehmaan koulu, Hyvink\u00e4\u00e4<\/p>\n\n\n\n<p id=\"block-41b38adc-ebbe-4128-aa39-357ae23667b4\">Ruosniemen p\u00e4iv\u00e4koti, Pori<\/p>\n\n\n\n<p id=\"block-552ac672-6821-44c5-98d5-83d021fa80e1\">Kaupunginsairaalan pesula, Pro<\/p>\n\n\n\n<p id=\"block-b6ae99aa-b8e0-4ce0-a234-01d3c13e0ece\">Meilahden taidemuseo<\/p>\n\n\n\n<p id=\"block-cf0be58e-4aab-4e24-8700-875960485eb5\">Oulun&nbsp; yliopiston Linnanmaan kampuksen siirt\u00e4minen keskustaan esill\u00e4<\/p>\n\n\n\n<p id=\"block-16cda3bd-f01c-4d39-8312-596f70166708\">Teoston talo Lauttasaaressa<\/p>\n\n\n\n<p>Sodankyl\u00e4n paloasema<\/p>\n\n\n\n<p>J\u00e4tk\u00e4saaren Bunkkeri<\/p>\n\n\n\n<p>Pallivahan kirkko, Turku<\/p>\n\n\n\n<p>Suikkilan koulu, Turku<\/p>\n\n\n\n<p>Merikadettikoulu, Helsinki<\/p>\n\n\n\n<p>Kinkomaan parantola, Muurame<\/p>\n\n\n\n<p>Kelan&nbsp;kuntoutuskeskus, Turku<\/p>\n\n\n\n<p>Sysm\u00e4n p\u00e4iv\u00e4koti Kastelli ja vanha vanhainkoti<\/p>\n\n\n\n<hr class=\"wp-block-separator has-alpha-channel-opacity\"\/>\n\n\n\n<p><strong>Vilho Syv\u00e4huoko on listannut Espoossa ja Lohjalla purettuja rakennuksia:<\/strong><\/p>\n\n\n\n<p>Tapiola: Suomen Sokerin toimistotalo, ns. Aslakin talo<br>Tapiola: Stockmann Tapiola ja Koy Tapiolan Keskusraitti -rakennuskokonaisuus<br>Tapiola: Vesiputoustalo (It\u00e4tuulentie 10)<br>Tapiola: Koy Kielas (It\u00e4tuulentie 2)<br>Tapiola: Tapiolan palvelutalo (It\u00e4tuulentie 4)<br>Tapiola: Koy Raitinkartano (talo, jossa oli mm. Nordea ja Akateeminen kirjakauppa)<br>Tapiola: &#8221;Siton talo&#8221; Kalevalantien ja Tiet\u00e4j\u00e4ntien kulmassa<br>Tapiola: Toimisto- ja liikerakennus Kalevalantiell\u00e4 Mimerkinkujan tuntumassa<br>Tapiola: Puinen rakennus Mimerkinkujalla (kukkakauppa aiemmin, sittemmin pizzeria)<br>Tapiola: Lukuisia toimistorakennuksia Tiet\u00e4j\u00e4ntiell\u00e4<br>Tapiola: It\u00e4isen l\u00e4hi\u00f6n l\u00e4mp\u00f6keskus (Neulaspolku)<br>Tapiola: Pys\u00e4k\u00f6intitalo Revontulentien ja Etel\u00e4tuulentien kulmassa<br>Tapiola: Melan toimistorakennus Revontulentien ja Elosalamantien kulmassa<br>Tapiola: Jousenkaaren koulu (purkuty\u00f6t k\u00e4ynniss\u00e4 t\u00e4ll\u00e4 hetkell\u00e4)<br>Tapiola: Metsolan p\u00e4iv\u00e4koti<br>Tapiola: Omakotitalo Hakam\u00e4entiell\u00e4<br>Tapiola: Omakotitalo P\u00e4iv\u00e4tt\u00e4renpolulla<br>Tapiola: Omakotitalo Miilupolulla<br>Tapiola: Sepon koulu ja international school<br>Tapiola: P\u00e4iv\u00e4koti Piilopolulla<br>Tapiola: Tapiolan vanha terveysasema<br>Tapiola: Toimistorakennus Ahertajantiell\u00e4<br>Tapiola: Kellosepp\u00e4koulu<br>Tapiola: Kellovasara<br>Tapiola: Steniuksen kauppapuutarhan kasvihuonerakennus ja vanha navetta samassa<br>Tapiola: Pieni liikerakennus (Revontulentie 1)<br>Tapiola: Hakalehdon yhteiskoulu<br>Tapiola: Autotallirakennukset Kaskenkaatajantien ja Kyt\u00f6polun kulmassa<br>Otaniemi: Omakotitaloja Vaisalantiell\u00e4<br>Otaniemi: Toimisto-\/tutkimusrakennus (Betonimiehenkuja 1)<br>Otaniemi: Poliisiopisto (Miestentie 2)<br>Otaniemi: Otaniemen Neste (Miestentie 1)<br>Otaniemi: Puumiehenkuja 5 (Konelaboratorio) -rakennuksen yksi siipi.<br>Otaniemi: Huoltorakennuksen matala siipi, S\u00e4hk\u00f6miehentie (Alvar Aalto)<br>Espoo: Sinim\u00e4entie 6 -toimisto-\/teollisuusrakennus<br>Espoo: Kauppakeskus Niittytori<br>Espoo: Toimistorakennuksia Niittykummussa<br>Espoo: Omakotitaloja Niittykummussa Niittykadulla<br>Espoo: Autokauppoja Niittykummussa<br>Espoo: Westendin ostoskeskus<br>Espoo: Westendinaseman odotusrakennus ja kuljettajien koppi<br>Espoo: Westendin linjan varikkorakennus\/-rakennukset<br>Espoo: Espoon kaupungintalo<br>Espoo: Virastotaloja Espoon keskuksessa<br>Espoo: Kilon koulu<br>Espoo: Siemensin toimisto- ja tutkimus-\/tuotantohallirakennus Perkkaalla<br>Espoo: Perkkaanpuiston koulu<br>Espoo: Perkkaanpuiston p\u00e4iv\u00e4koti<br>Espoo: Everstinkadun p\u00e4iv\u00e4koti<br>Espoo: Omakotitalo Elfvikinkujalla<br>Espoo: Omakotitaloja Sakkolantiell\u00e4<br>Espoo: Omakotitaloja Mankkaalla, mm. Eerontie 3 ja 4B, Tuomaantie 1 ja 4, Juhanintie 1, 2 ja 4, Taavinharju 35,<br>Espoo: Ravintolarakennus Mankkaalla (Taavinharju 24)<br>Espoo: Kauppakeskus Sinikallion etel\u00e4inen, laatikkomainen osa<br>Espoo: Raaden hampaan matalia osia<br>Espoo: Omakotitalo (M\u00e4kkyl\u00e4ntie 22)<br>Espoo: M\u00e4kkyl\u00e4n koulukeskus (koulurakennukset, p\u00e4iv\u00e4koti ja opettajien asuintalo)<br>Lohja: Poliisitalo, Kauppakatu<br>Lohja: \u00a0Paloasema, Sep\u00e4nkatu<br>Lohja: Sundmanin keksitehdas, Paikkarinkatu<br>Lohja: Tytyrin koulu<br>Lohja: J\u00e4rnefeltin koulun osia<br>Lohja: Routionm\u00e4en koulu<br>Lohja: Rauhalan koulu<br><\/p>\n\n\n\n<hr class=\"wp-block-separator has-alpha-channel-opacity\"\/>\n\n\n\n<p id=\"block-6dcb412f-02a9-4575-8f88-290f891d74be\"><strong>PELASTETUT, UUSI K\u00c4YTT\u00d6TARKOITUS<\/strong><\/p>\n\n\n\n<p id=\"block-526387ed-8056-43ce-bc28-96b774a61ca9\">Koneen p\u00e4\u00e4konttori muutettu asunnoiksi, HKI, Munkkiniemi<\/p>\n\n\n\n<p id=\"block-c7f58769-7946-4c6c-8d4d-6dc4e2113c83\">Asuintalo Humalistonkadun ja Manskun kulmassa oleva toimistotalo (betonielementtitalo) korjattu asuintaloksi<\/p>\n\n\n\n<p id=\"block-18983d61-9384-4311-b64c-6b466ed0f294\">Karkkilassa useampia kohteita, H\u00f6gforsin tehtaat<\/p>\n\n\n\n<p id=\"block-4e15c07e-8446-4b2a-b7ab-7603eebd85fa\">Aino Ackten huvila<\/p>\n\n\n\n<p id=\"block-1ca50d03-a4b0-437c-8dce-52485aff1497\">Kaisaniemen ravintola<\/p>\n\n\n\n<p id=\"block-1270c3c7-55b3-486c-b4a6-22896b93e948\">Konepajan alueen VR:n rakennukset<\/p>\n\n\n\n<p id=\"block-e19fbb9d-4a6a-4ac2-a6e1-cc379208b0fe\">Hyvink\u00e4\u00e4n villatehtaan alue<\/p>\n\n\n\n<p id=\"block-273e5b85-dad9-4f05-b261-14450e73f339\">Alkon koulutuskeskus Vuorannassa muutettiin hoivakodiksi<\/p>\n\n\n\n<p id=\"block-902f4247-1934-4a6b-9825-109741407934\">Lapinlahden sairaala<\/p>\n\n\n\n<p id=\"block-29b3e216-fb4e-43f3-857b-08b3957d3022\">Sinebrychoffin huvila, Espoo<\/p>\n\n\n\n<p id=\"block-1dd04bfe-d838-4464-8cd7-455caec3d9d9\">Villa Solvik Vuosaaressa ravintolaksi<\/p>\n\n\n\n<p id=\"block-a7cbeade-a101-404a-9fa6-0d75888ecf90\">Koffin tallit muutettiin asunnoiksi<\/p>\n\n\n\n<p id=\"block-589d3bb5-2d51-40a3-a6e6-5c4d32f21b15\">Kakola muutettu asunnoiksi<\/p>\n\n\n\n<p id=\"block-00540f5f-febb-4485-a3ca-547d2f492d39\">Skattan vankila asunnoiksi<\/p>\n\n\n\n<p id=\"block-26286a88-cd20-4a96-9e79-9ecd24f36d3b\">W &amp; G talo Espoossa, nyky\u00e4\u00e4n Emma, viime vuosisadan muutoksia<\/p>\n\n\n\n<p id=\"block-d688f1c6-b317-4000-a16a-4e1fdff526f2\">Korjaamo ja Kaapeli, my\u00f6s n\u00e4m\u00e4 ovat vanhempia<\/p>\n\n\n\n<p id=\"block-898977a6-6461-4023-9d66-8a9eb3f5cbeb\">YLE:n ent. Talo Kes\u00e4kadulla muutettiin asunnoiksi<\/p>\n\n\n\n<p id=\"block-7764678e-a4e0-4d10-b60d-07cc2012fec6\">Herttoniemen ruotsinkielisen srk:n kirkko<\/p>\n\n\n\n<p id=\"block-8d52de49-1e37-4a46-8d0c-261242ce23c2\">Tampellan alue Tampereella<\/p>\n\n\n\n<p id=\"block-2011bef4-fc3b-48a9-a2dd-3845026dbb1a\">Forssan teollisuusalue<\/p>\n\n\n\n<p id=\"block-f9386c82-b675-4888-8f51-ccda690ac54e\">H\u00e4meenlinnan verkatehdas?<\/p>\n\n\n\n<p id=\"block-27aac3bd-f119-4428-9ed2-2b8ef12fa663\">Lauttasaaren kartanon kunnostus<\/p>\n\n\n\n<p><\/p>\n\n\n\n<p>Lapinlahden sairaala, Helsinki<\/p>\n\n\n\n<p>K\u00f6ysitehdas ja telakkahallit, Manilla, B\u00e5gen ja Heideken Turussa<\/p>\n\n\n\n<p>Hietsun Paviljonki (kuvat: Mikko Keski-V\u00e4h\u00e4l\u00e4)<\/p>\n\n\n\n<p><\/p>\n\n\n\n<figure class=\"wp-block-gallery has-nested-images columns-default is-cropped wp-block-gallery-1 is-layout-flex wp-block-gallery-is-layout-flex\">\n<figure class=\"wp-block-image size-large\"><img loading=\"lazy\" decoding=\"async\" width=\"1024\" height=\"671\" data-id=\"349\" src=\"https:\/\/purkamattaparas.fi\/wp-content\/uploads\/2024\/10\/naisten-pukuhuonetta4_pieni-1024x671.jpg\" alt=\"\" class=\"wp-image-349\" srcset=\"https:\/\/purkamattaparas.fi\/wp-content\/uploads\/2024\/10\/naisten-pukuhuonetta4_pieni-1024x671.jpg 1024w, https:\/\/purkamattaparas.fi\/wp-content\/uploads\/2024\/10\/naisten-pukuhuonetta4_pieni-300x197.jpg 300w, https:\/\/purkamattaparas.fi\/wp-content\/uploads\/2024\/10\/naisten-pukuhuonetta4_pieni-768x503.jpg 768w, https:\/\/purkamattaparas.fi\/wp-content\/uploads\/2024\/10\/naisten-pukuhuonetta4_pieni-1536x1007.jpg 1536w, https:\/\/purkamattaparas.fi\/wp-content\/uploads\/2024\/10\/naisten-pukuhuonetta4_pieni-2048x1342.jpg 2048w\" sizes=\"auto, (max-width: 767px) 89vw, (max-width: 1000px) 54vw, (max-width: 1071px) 543px, 580px\" \/><\/figure>\n\n\n\n<figure class=\"wp-block-image size-large\"><img loading=\"lazy\" decoding=\"async\" width=\"1024\" height=\"684\" data-id=\"350\" src=\"https:\/\/purkamattaparas.fi\/wp-content\/uploads\/2024\/10\/tololab-ja-yleiso_pieni-1024x684.jpg\" alt=\"\" class=\"wp-image-350\" srcset=\"https:\/\/purkamattaparas.fi\/wp-content\/uploads\/2024\/10\/tololab-ja-yleiso_pieni-1024x684.jpg 1024w, https:\/\/purkamattaparas.fi\/wp-content\/uploads\/2024\/10\/tololab-ja-yleiso_pieni-300x200.jpg 300w, https:\/\/purkamattaparas.fi\/wp-content\/uploads\/2024\/10\/tololab-ja-yleiso_pieni-768x513.jpg 768w, https:\/\/purkamattaparas.fi\/wp-content\/uploads\/2024\/10\/tololab-ja-yleiso_pieni-1536x1026.jpg 1536w, https:\/\/purkamattaparas.fi\/wp-content\/uploads\/2024\/10\/tololab-ja-yleiso_pieni-2048x1368.jpg 2048w\" sizes=\"auto, (max-width: 767px) 89vw, (max-width: 1000px) 54vw, (max-width: 1071px) 543px, 580px\" \/><\/figure>\n<\/figure>\n\n\n\n<hr class=\"wp-block-separator has-alpha-channel-opacity\"\/>\n\n\n\n<p class=\"has-small-font-size\">Kuva: N\u00e4kym\u00e4 Tullisaaren kansanpuiston alueelta Laajasalossa Helsingiss\u00e4. Taustalla alueen p\u00e4\u00e4rakennus, kunnostettu Aino Ackt\u00e9n huvila. Helsingin kaupunginmuseo \/ Yehia Eweis, 2019.<\/p>\n\n\n\n<p><\/p>\n","protected":false},"excerpt":{"rendered":"<p>Puretut, uhatut, pelastetut Ilmianna meille turhia purkuja, tiet\u00e4mi\u00e4si rakennuksia, joita uhkaa purkaminen ja kerro my\u00f6s hankkeista, joissa uuden k\u00e4ytt\u00f6tarkoituksen l\u00f6yt\u00e4minen on pelastanut rakennuksen. Voit l\u00e4hett\u00e4\u00e4 ilmiannon ja mahdollisia kuvia osoitteeseen purkamattaparas@gmail.com. T\u00e4ydenn\u00e4mme listoja ilmiantojen mukaan. Kerro my\u00f6s kampanjatoimista, johon paikkakunnallanne \/ yhteis\u00f6ss\u00e4nne on tehty purkamisten lopettamiseksi. ACAN-j\u00e4rjest\u00f6n Suomen osaston julkaisema Purkukartta, johon voi l\u00e4hett\u00e4\u00e4 kohde-ehdotuksia. &hellip; <\/p>\n<p class=\"link-more\"><a href=\"https:\/\/purkamattaparas.fi\/index.php\/ilmiannot\/\" class=\"more-link\">Jatka lukemista<span class=\"screen-reader-text\"> &#8221;Ilmiannot&#8221;<\/span><\/a><\/p>\n","protected":false},"author":1,"featured_media":278,"parent":0,"menu_order":0,"comment_status":"open","ping_status":"closed","template":"","meta":{"footnotes":""},"class_list":["post-166","page","type-page","status-publish","has-post-thumbnail","hentry"],"_links":{"self":[{"href":"https:\/\/purkamattaparas.fi\/index.php\/wp-json\/wp\/v2\/pages\/166","targetHints":{"allow":["GET"]}}],"collection":[{"href":"https:\/\/purkamattaparas.fi\/index.php\/wp-json\/wp\/v2\/pages"}],"about":[{"href":"https:\/\/purkamattaparas.fi\/index.php\/wp-json\/wp\/v2\/types\/page"}],"author":[{"embeddable":true,"href":"https:\/\/purkamattaparas.fi\/index.php\/wp-json\/wp\/v2\/users\/1"}],"replies":[{"embeddable":true,"href":"https:\/\/purkamattaparas.fi\/index.php\/wp-json\/wp\/v2\/comments?post=166"}],"version-history":[{"count":57,"href":"https:\/\/purkamattaparas.fi\/index.php\/wp-json\/wp\/v2\/pages\/166\/revisions"}],"predecessor-version":[{"id":613,"href":"https:\/\/purkamattaparas.fi\/index.php\/wp-json\/wp\/v2\/pages\/166\/revisions\/613"}],"wp:featuredmedia":[{"embeddable":true,"href":"https:\/\/purkamattaparas.fi\/index.php\/wp-json\/wp\/v2\/media\/278"}],"wp:attachment":[{"href":"https:\/\/purkamattaparas.fi\/index.php\/wp-json\/wp\/v2\/media?parent=166"}],"curies":[{"name":"wp","href":"https:\/\/api.w.org\/{rel}","templated":true}]}}