{"id":141,"date":"2024-09-28T17:13:28","date_gmt":"2024-09-28T17:13:28","guid":{"rendered":"https:\/\/purkamattaparas.fi\/?page_id=141"},"modified":"2025-02-18T09:47:05","modified_gmt":"2025-02-18T09:47:05","slug":"keita-olemme-2","status":"publish","type":"page","link":"https:\/\/purkamattaparas.fi\/index.php\/keita-olemme-2\/","title":{"rendered":"Keit\u00e4 olemme?"},"content":{"rendered":"\n<h2 class=\"wp-block-heading has-medium-font-size\">Liity mukaan Purkamatta paras -kampanjaan: <a href=\"https:\/\/purkamattaparas.fi\/index.php\/ilmiannot\/\" data-type=\"page\" data-id=\"166\">Ilmianna<\/a> meille hankkeita. Innosta paikkakuntasi koululaisia osallistumaan <a href=\"https:\/\/purkamattaparas.fi\/index.php\/tietoiskukilpailu\/\" data-type=\"page\" data-id=\"103\">tietoiskukilpailuun<\/a>. J\u00e4rjest\u00e4 <a href=\"https:\/\/purkamattaparas.fi\/index.php\/nayttely\/\" data-type=\"page\" data-id=\"142\">Purkamatta paras -n\u00e4yttely<\/a> paikkakunnallasi (koulussa, n\u00e4yttelytiloissa, kirjastossa). Voit tilata n\u00e4yttelyaineiston meilt\u00e4 s\u00e4hk\u00f6postilla: <a href=\"mailto:purkamattaparas@gmail.com\">purkamattaparas@gmail.com<\/a>.<\/h2>\n\n\n\n<hr class=\"wp-block-separator has-alpha-channel-opacity is-style-wide\"\/>\n\n\n\n<p class=\"has-medium-font-size\" id=\"block-7b1cfad6-3405-4a66-a6bb-91f3e42cedba\">Kampanjan aloitteentekij\u00e4t:<\/p>\n\n\n\n<p id=\"block-fd44cb1b-f9bc-4882-8718-0bace3f71c6a\"><strong>Tommi Lindh<\/strong>, Alvar Aalto -s\u00e4\u00e4ti\u00f6n toimitusjohtaja<\/p>\n\n\n\n<p id=\"block-5801b416-8dd8-45bf-b17f-2813802fc8a4\"><strong>Asko Takala<\/strong>, arkkitehti, Suomen Arkkitehtiliiton puheenjohtaja<\/p>\n\n\n\n<p id=\"block-b895524e-0e24-42a3-9854-83063d7be080\"><strong>Arja Lukin<\/strong>, arkkitehti, Suomen Arkkitehtiliiton p\u00e4\u00e4sihteeri<\/p>\n\n\n\n<p id=\"block-f3b96bb3-db27-4846-8d7b-4628111382fc\"><strong>Esa Laaksonen<\/strong>, arkkitehti, Suomen Rakennustaiteen Seuran puheenjohtaja<\/p>\n\n\n\n<p id=\"block-286a4de5-1bee-4b96-a5c1-28a8e1fdc4c8\"><strong>Panu Savolainen<\/strong>, Aalto-yliopiston apulaisprofessori<\/p>\n\n\n\n<p id=\"block-a0398903-030a-41d2-9815-4f6d2907e6c8\"><strong>Iida Kalakoski,<\/strong> arkkitehti, TkT, rakennusperinn\u00f6n dosentti<\/p>\n\n\n\n<p id=\"block-7ac0fb9a-9700-40f4-8a19-d5386a6cb954\"><strong>Maire Mattinen<\/strong>, arkkitehti, asiantuntija<\/p>\n\n\n\n<p id=\"block-ddb8851f-0ac6-4f0f-b1f5-50a37b028810\"><strong>Erkki M\u00e4ki\u00f6<\/strong>, arkkitehti, asiantuntija<\/p>\n\n\n\n<p id=\"block-ecdfc046-16ae-4737-812b-60d0072a21d5\"><strong>Heini Korpelainen<\/strong>, arkkitehti<\/p>\n\n\n\n<p id=\"block-4a7f5565-4860-4293-83d7-2e7d09a927a5\"><strong>Paula Holmila<\/strong>, toimittaja<\/p>\n\n\n\n<p id=\"block-15891266-7869-405a-8bcf-0f6e8194de64\"><strong>Katarina Siltavuori<\/strong>, Archinfon toiminnanjohtaja<\/p>\n\n\n\n<hr class=\"wp-block-separator has-alpha-channel-opacity\"\/>\n\n\n\n<p class=\"has-small-font-size\">Kuva: Pasilan konepaja, Kokoonpanohallin ja maalaamon korjaus- ja muutoshanke; AD-Studio, Laitila Arkkitehdit, Saatsi Arkkitehdit. Anders Portman \/ Kuvatoimisto Kuvio, 2024.<\/p>\n\n\n\n<p><\/p>\n\n\n\n<p><\/p>\n","protected":false},"excerpt":{"rendered":"<p>Liity mukaan Purkamatta paras -kampanjaan: Ilmianna meille hankkeita. Innosta paikkakuntasi koululaisia osallistumaan tietoiskukilpailuun. J\u00e4rjest\u00e4 Purkamatta paras -n\u00e4yttely paikkakunnallasi (koulussa, n\u00e4yttelytiloissa, kirjastossa). Voit tilata n\u00e4yttelyaineiston meilt\u00e4 s\u00e4hk\u00f6postilla: purkamattaparas@gmail.com. Kampanjan aloitteentekij\u00e4t: Tommi Lindh, Alvar Aalto -s\u00e4\u00e4ti\u00f6n toimitusjohtaja Asko Takala, arkkitehti, Suomen Arkkitehtiliiton puheenjohtaja Arja Lukin, arkkitehti, Suomen Arkkitehtiliiton p\u00e4\u00e4sihteeri Esa Laaksonen, arkkitehti, Suomen Rakennustaiteen Seuran puheenjohtaja Panu &hellip; <\/p>\n<p class=\"link-more\"><a href=\"https:\/\/purkamattaparas.fi\/index.php\/keita-olemme-2\/\" class=\"more-link\">Jatka lukemista<span class=\"screen-reader-text\"> &#8221;Keit\u00e4 olemme?&#8221;<\/span><\/a><\/p>\n","protected":false},"author":2,"featured_media":269,"parent":0,"menu_order":0,"comment_status":"closed","ping_status":"closed","template":"","meta":{"footnotes":""},"class_list":["post-141","page","type-page","status-publish","has-post-thumbnail","hentry"],"_links":{"self":[{"href":"https:\/\/purkamattaparas.fi\/index.php\/wp-json\/wp\/v2\/pages\/141","targetHints":{"allow":["GET"]}}],"collection":[{"href":"https:\/\/purkamattaparas.fi\/index.php\/wp-json\/wp\/v2\/pages"}],"about":[{"href":"https:\/\/purkamattaparas.fi\/index.php\/wp-json\/wp\/v2\/types\/page"}],"author":[{"embeddable":true,"href":"https:\/\/purkamattaparas.fi\/index.php\/wp-json\/wp\/v2\/users\/2"}],"replies":[{"embeddable":true,"href":"https:\/\/purkamattaparas.fi\/index.php\/wp-json\/wp\/v2\/comments?post=141"}],"version-history":[{"count":16,"href":"https:\/\/purkamattaparas.fi\/index.php\/wp-json\/wp\/v2\/pages\/141\/revisions"}],"predecessor-version":[{"id":432,"href":"https:\/\/purkamattaparas.fi\/index.php\/wp-json\/wp\/v2\/pages\/141\/revisions\/432"}],"wp:featuredmedia":[{"embeddable":true,"href":"https:\/\/purkamattaparas.fi\/index.php\/wp-json\/wp\/v2\/media\/269"}],"wp:attachment":[{"href":"https:\/\/purkamattaparas.fi\/index.php\/wp-json\/wp\/v2\/media?parent=141"}],"curies":[{"name":"wp","href":"https:\/\/api.w.org\/{rel}","templated":true}]}}

Keitä olemme?

<h2 class="wp-block-heading has-medium-font-size">Liity mukaan Purkamatta paras -kampanjaan: <a href="https://purkamattaparas.fi/index.php/ilmiannot/" data-type="page" data-id="166">Ilmianna</a> meille hankkeita. Innosta paikkakuntasi koululaisia osallistumaan <a href="https://purkamattaparas.fi/index.php/tietoiskukilpailu/" data-type="page" data-id="103">tietoiskukilpailuun</a>. Järjestä <a href="https://purkamattaparas.fi/index.php/nayttely/" data-type="page" data-id="142">Purkamatta paras -näyttely</a> paikkakunnallasi (koulussa, näyttelytiloissa, kirjastossa). Voit tilata näyttelyaineiston meiltä sähköpostilla: <a href="mailto:purkamattaparas@gmail.com">purkamattaparas@gmail.com</a>.</h2>



<hr class="wp-block-separator has-alpha-channel-opacity is-style-wide"/>



<p class="has-medium-font-size" id="block-7b1cfad6-3405-4a66-a6bb-91f3e42cedba">Kampanjan aloitteentekijät:</p>



<p id="block-fd44cb1b-f9bc-4882-8718-0bace3f71c6a"><strong>Tommi Lindh</strong>, Alvar Aalto -säätiön toimitusjohtaja</p>



<p id="block-5801b416-8dd8-45bf-b17f-2813802fc8a4"><strong>Asko Takala</strong>, arkkitehti, Suomen Arkkitehtiliiton puheenjohtaja</p>



<p id="block-b895524e-0e24-42a3-9854-83063d7be080"><strong>Arja Lukin</strong>, arkkitehti, Suomen Arkkitehtiliiton pääsihteeri</p>



<p id="block-f3b96bb3-db27-4846-8d7b-4628111382fc"><strong>Esa Laaksonen</strong>, arkkitehti, Suomen Rakennustaiteen Seuran puheenjohtaja</p>



<p id="block-286a4de5-1bee-4b96-a5c1-28a8e1fdc4c8"><strong>Panu Savolainen</strong>, Aalto-yliopiston apulaisprofessori</p>



<p id="block-a0398903-030a-41d2-9815-4f6d2907e6c8"><strong>Iida Kalakoski,</strong> arkkitehti, TkT, rakennusperinnön dosentti</p>



<p id="block-7ac0fb9a-9700-40f4-8a19-d5386a6cb954"><strong>Maire Mattinen</strong>, arkkitehti, asiantuntija</p>



<p id="block-ddb8851f-0ac6-4f0f-b1f5-50a37b028810"><strong>Erkki Mäkiö</strong>, arkkitehti, asiantuntija</p>



<p id="block-ecdfc046-16ae-4737-812b-60d0072a21d5"><strong>Heini Korpelainen</strong>, arkkitehti</p>



<p id="block-4a7f5565-4860-4293-83d7-2e7d09a927a5"><strong>Paula Holmila</strong>, toimittaja</p>



<p id="block-15891266-7869-405a-8bcf-0f6e8194de64"><strong>Katarina Siltavuori</strong>, Archinfon toiminnanjohtaja</p>



<hr class="wp-block-separator has-alpha-channel-opacity"/>



<p class="has-small-font-size">Kuva: Pasilan konepaja, Kokoonpanohallin ja maalaamon korjaus- ja muutoshanke; AD-Studio, Laitila Arkkitehdit, Saatsi Arkkitehdit. Anders Portman / Kuvatoimisto Kuvio, 2024.</p>



<p></p>



<p></p>

<p>Liity mukaan Purkamatta paras -kampanjaan: Ilmianna meille hankkeita. Innosta paikkakuntasi koululaisia osallistumaan tietoiskukilpailuun. Järjestä Purkamatta paras -näyttely paikkakunnallasi (koulussa, näyttelytiloissa, kirjastossa). Voit tilata näyttelyaineiston meiltä sähköpostilla: purkamattaparas@gmail.com. Kampanjan aloitteentekijät: Tommi Lindh, Alvar Aalto -säätiön toimitusjohtaja Asko Takala, arkkitehti, Suomen Arkkitehtiliiton puheenjohtaja Arja Lukin, arkkitehti, Suomen Arkkitehtiliiton pääsihteeri Esa Laaksonen, arkkitehti, Suomen Rakennustaiteen Seuran puheenjohtaja Panu &hellip; </p>
<p class="link-more"><a href="https://purkamattaparas.fi/index.php/keita-olemme-2/" class="more-link">Jatka lukemista<span class="screen-reader-text"> &#8221;Keitä olemme?&#8221;</span></a></p>
